{"id":75,"date":"2018-01-15T06:20:08","date_gmt":"2018-01-15T06:20:08","guid":{"rendered":"http:\/\/www.queen-night.de\/?page_id=75"},"modified":"2024-03-28T14:09:53","modified_gmt":"2024-03-28T14:09:53","slug":"die-show","status":"publish","type":"page","link":"https:\/\/www.queen-night.de\/?page_id=75","title":{"rendered":"Die Show"},"content":{"rendered":"<div id=\"pl-75\"  class=\"panel-layout\" ><div id=\"pg-75-0\"  class=\"panel-grid panel-has-style\" ><div style=\"padding: 0px 0; \" data-overlay=\"true\" data-overlay-color=\"#000000\" class=\"panel-row-style panel-row-style-for-75-0\" ><div id=\"pgc-75-0-0\"  class=\"panel-grid-cell panel-grid-cell-empty\" ><\/div><div id=\"pgc-75-0-1\"  class=\"panel-grid-cell panel-grid-cell-mobile-last\" ><div id=\"panel-75-0-1-0\" class=\"so-panel widget panel-first-child panel-last-child\" data-index=\"0\" ><div style=\"text-align: left;\" data-title-color=\"#443f3f\" data-headings-color=\"#443f3f\" class=\"panel-widget-style panel-widget-style-for-75-0-1-0\" ><\/div><\/div><\/div><div id=\"pgc-75-0-2\"  class=\"panel-grid-cell panel-grid-cell-empty\" ><\/div><\/div><\/div><div id=\"pg-75-1\"  class=\"panel-grid panel-has-style\" ><div style=\"padding: 0px 0; \" data-overlay=\"true\" data-overlay-color=\"#000000\" class=\"panel-row-style panel-row-style-for-75-1\" ><div id=\"pgc-75-1-0\"  class=\"panel-grid-cell\" ><div id=\"panel-75-1-0-0\" class=\"so-panel widget widget_sow-editor panel-first-child panel-last-child\" data-index=\"1\" ><div style=\"text-align: left;\" data-title-color=\"#443f3f\" data-headings-color=\"#443f3f\" class=\"panel-widget-style panel-widget-style-for-75-1-0-0\" ><div\n\t\t\t\n\t\t\tclass=\"so-widget-sow-editor so-widget-sow-editor-base\"\n\t\t\t\n\t\t>\n<div class=\"siteorigin-widget-tinymce textwidget\">\n\t<h2>The QUEEN Night \u2013 Die Erfolgsshow mit allen QUEEN-Hits!<\/h2>\n<p><img decoding=\"async\" class=\"alignleft wp-image-17 size-full\" src=\"http:\/\/www.queen-night.de\/wp-content\/uploads\/2018\/01\/queen-night_start-move.jpg\" alt=\"The QUEEN Night Startseite\" width=\"100%\" \/><\/p>\n<hr \/>\n<p>&nbsp;<\/p>\n<h2>Von Anfang bis Ende eine mitrei\u00dfende Show!<\/h2>\n<p><strong>The QUEEN Night<\/strong>\u00a0zeigt die musikalische Erfolgsstory der Gruppe <strong>QUEEN <\/strong>von den Anf\u00e4ngen bis zum Tod von <strong>Freddie Mercury<\/strong>. Erstklassige K\u00fcnstler pr\u00e4sentieren eine faszinierende B\u00fchnenshow rund um diesen Mythos. Dabei hat der einzigartige Frontmann der\u00a0<span style=\"font-size: 11.5px; line-height: normal;\"><span style=\"font-weight: 600; font-size: 18px;\">QUEEN Night\u00a0<\/span>\u00a0<\/span>eine derart verbl\u00fcffende \u00c4hnlichkeit mit seinem Vorbild <strong>Freddie Mercury <\/strong>und beherrscht dazu dessen Stimmspektrum so perfekt, dass der Besucher das Gef\u00fchl hat, Freddie Mercury st\u00fcnde leibhaftig\u00a0auf der B\u00fchne. Auch die\u00a0\u00fcbrigen QUEEN-Mitglieder werden von ausgezeichneten Profis gespielt.<\/p>\n<p>Bis ins letzte Detail interpretierte Songs, Requisiten, sowie faszinierende Lichteffekte bringen die phantastische Atmosph\u00e4re der legend\u00e4ren QUEEN-Konzert-Shows zur\u00fcck. Hit um Hit erz\u00e4hlen von den Stationen der Mega-Gruppe: <em>Radio Gaga, Show Must Go On, \u00a0We Are The Champions, I Want It All, We Will Rock You, It\u2019s A Kind Of Magic, Friends Will Be Friends, Don\u2019t Stop Me Now, Bohemian Rhapsody, Who Want\u2019s To Live Forever, The Great Pretender<\/em> \u00a0und viele mehr.<\/p>\n<p><strong>Gehen Sie mit auf eine musikalische Zeitreise durch das bombastische Werk von\u00a0QUEEN! Sie erwartet ein Abend der Superlative \u00a0\u2013\u00a0ein einzigartiges\u00a0Musikshow-Erlebnis!<\/strong><\/p>\n<hr \/>\n<p>Fotos aus den Live-Shows 2015 - 2023:<\/p>\n<p><img decoding=\"async\" class=\"alignnone size-large wp-image-34\" src=\"http:\/\/www.queen-night.de\/wp-content\/uploads\/2020\/03\/queen-night_16.jpg\" alt=\"The QUEEN Night\" width=\"100%\" \/><\/p>\n<p>&nbsp;<\/p>\n<p><img decoding=\"async\" class=\"alignleft size-full wp-image-110\" src=\"http:\/\/www.queen-night.de\/wp-content\/uploads\/2020\/03\/queen-night_21.jpg\" alt=\"The QUEEN Night\" width=\"100%\" \/><\/p>\n<p>&nbsp;<\/p>\n<p><img decoding=\"async\" class=\"alignnone size-large wp-image-34\" src=\"http:\/\/www.queen-night.de\/wp-content\/uploads\/2018\/01\/queen-night_08.jpg\" alt=\"The QUEEN Night\" width=\"100%\" srcset=\"https:\/\/www.queen-night.de\/wp-content\/uploads\/2018\/01\/queen-night_08.jpg 2100w, https:\/\/www.queen-night.de\/wp-content\/uploads\/2018\/01\/queen-night_08-300x200.jpg 300w, https:\/\/www.queen-night.de\/wp-content\/uploads\/2018\/01\/queen-night_08-768x512.jpg 768w, https:\/\/www.queen-night.de\/wp-content\/uploads\/2018\/01\/queen-night_08-1024x683.jpg 1024w, https:\/\/www.queen-night.de\/wp-content\/uploads\/2018\/01\/queen-night_08-830x553.jpg 830w, https:\/\/www.queen-night.de\/wp-content\/uploads\/2018\/01\/queen-night_08-230x153.jpg 230w, https:\/\/www.queen-night.de\/wp-content\/uploads\/2018\/01\/queen-night_08-350x233.jpg 350w, https:\/\/www.queen-night.de\/wp-content\/uploads\/2018\/01\/queen-night_08-480x320.jpg 480w, https:\/\/www.queen-night.de\/wp-content\/uploads\/2018\/01\/queen-night_08-272x182.jpg 272w\" sizes=\"(max-width: 2100px) 100vw, 2100px\" \/><\/p>\n<p>&nbsp;<\/p>\n<p><img decoding=\"async\" class=\"alignleft size-full wp-image-110\" src=\"http:\/\/www.queen-night.de\/wp-content\/uploads\/2018\/01\/queen-night_13.jpg\" alt=\"The QUEEN Night\" width=\"100%\" \/><\/p>\n<p>&nbsp;<\/p>\n<\/div>\n<\/div><\/div><\/div><\/div><\/div><\/div><\/div>","protected":false},"excerpt":{"rendered":"<p>The QUEEN Night \u2013 Die Erfolgsshow mit allen QUEEN-Hits! &nbsp; Von Anfang bis Ende eine mitrei\u00dfende Show! The QUEEN Night\u00a0zeigt die musikalische [&hellip;]<\/p>\n","protected":false},"author":1,"featured_media":0,"parent":0,"menu_order":20,"comment_status":"closed","ping_status":"closed","template":"page-templates\/page_fullwidth.php","meta":{"footnotes":""},"class_list":["post-75","page","type-page","status-publish","hentry"],"_links":{"self":[{"href":"https:\/\/www.queen-night.de\/index.php?rest_route=\/wp\/v2\/pages\/75","targetHints":{"allow":["GET"]}}],"collection":[{"href":"https:\/\/www.queen-night.de\/index.php?rest_route=\/wp\/v2\/pages"}],"about":[{"href":"https:\/\/www.queen-night.de\/index.php?rest_route=\/wp\/v2\/types\/page"}],"author":[{"embeddable":true,"href":"https:\/\/www.queen-night.de\/index.php?rest_route=\/wp\/v2\/users\/1"}],"replies":[{"embeddable":true,"href":"https:\/\/www.queen-night.de\/index.php?rest_route=%2Fwp%2Fv2%2Fcomments&post=75"}],"version-history":[{"count":26,"href":"https:\/\/www.queen-night.de\/index.php?rest_route=\/wp\/v2\/pages\/75\/revisions"}],"predecessor-version":[{"id":673,"href":"https:\/\/www.queen-night.de\/index.php?rest_route=\/wp\/v2\/pages\/75\/revisions\/673"}],"wp:attachment":[{"href":"https:\/\/www.queen-night.de\/index.php?rest_route=%2Fwp%2Fv2%2Fmedia&parent=75"}],"curies":[{"name":"wp","href":"https:\/\/api.w.org\/{rel}","templated":true}]}}